- 1275. Let l be (-1074)/15 - 3/(-5). Let n = c + l. Does 2 divide n?
False
Let y be -54 - ((-8 - -4) + 8). Suppose 219 = -0*d + 3*d. Let m = y + d. Is m a multiple of 3?
True
Let s(m) = 1799*m**2 + 93*m + 94. Is s(-1) a multiple of 24?
True
Let x(p) = -p**3 + 4*p**2 + 6*p + 1. Let l be x(5). Let q(o) = o**3 + 2*o**2 - 2*o - 6. Let n(d) = d. Let k(u) = 5*n(u) + q(u). Is k(l) a multiple of 50?
True
Suppose 14*k + 4*k = 3*k. Suppose k = 9*u - 5387 + 1499. Is 27 a factor of u?
True
Is 16 a factor of 16192 + 7 + 3/(9 + -6)?
False
Suppose 0 = -0*t - t - 12. Let l(o) = o**3 + 11*o**2 - 13*o + 13. Let b be l(t). Does 8 divide (192/(-60))/((-2)/b)?
True
Suppose 2*p - t - 305 = -6*t, -3*t - 297 = -2*p. Let o be -11 - (-16)/4 - (-16 - 137). Suppose 0 = 8*r - o - p. Does 6 divide r?
False
Let i be (-1 + 3 - (21 + -17)) + -2. Let s be 8 + 66/(-8) + (-17)/i. Suppose s*p - 172 = 4*q, -4*q + 10 - 62 = -p. Is 4 a factor of p?
True
Suppose -165*f + 5181600 = 107*f. Is 150 a factor of f?
True
Suppose -5*q + 5*n - 15 = 0, 3*q - n + 2*n = 11. Suppose 3*k + k = v - 839, 0 = 2*k + q. Is 26 a factor of v?
False
Let j = -67 + 74. Suppose j*h - 10 = 4. Suppose -f - 5*o + 82 = -o, -o = -h*f + 155. Is f a multiple of 26?
True
Suppose 18*c = -c + 285. Suppose 0 = 4*t - 2*s - 468, 17*s = -t + c*s + 112. Is 29 a factor of t?
True
Let l(h) = 4*h - 162. Let f be l(35). Does 87 divide 11/f - 1/(6/(-4863))?
False
Let d(p) = p**2 - 11*p + 15. Let r be d(10). Suppose r*y - 116 - 19 = 0. Does 9 divide y?
True
Let a(i) = i + 4. Let g be a(1). Suppose -2*q + 943 = -y, 3*q + g*y = 863 + 519. Is q a multiple of 67?
True
Let a(m) = 77*m**2 - 24 - m**3 + 3*m**3 + 7*m - 56*m**2. Let k be (4 + 1)/((-1)/2). Is a(k) a multiple of 6?
True
Let u be (-5 - -4)*-1*217. Let g = -178 + u. Is g a multiple of 24?
False
Suppose -58*i + 21*i = -20*i - 318036. Does 32 divide i?
False
Let r(g) = g**3 - 13*g**2 + 11*g + 26. Let t be r(11). Let c = -65 - t. Is c a multiple of 24?
False
Let m be (-1)/((15/(-12))/5). Suppose m*u - 25 = 3*u. Does 13 divide ((-20)/u)/((-4)/170)?
False
Suppose 3*k - 4 = -5*w + 26, -5*w = -3*k. Suppose -k*j = -4*y - 4, -y - 20 = -j - 5*y. Suppose 0 = -d + 10 - j. Is d a multiple of 6?
True
Does 2 divide 841*1 + (111/259 - 51/21)?
False
Let g(s) = -398*s - 21. Is g(-24) a multiple of 27?
True
Let a(v) = 8*v**3 - 10*v**2 + 35*v - 3. Does 127 divide a(9)?
True
Let i(v) = -5*v - 12. Let d be i(-3). Let b = d - -3. Let m = 63 - b. Does 9 divide m?
False
Suppose -3*k + r + 11109 = 0, 11100 = 3*k + 97*r - 101*r. Is 21 a factor of k?
False
Let f be (2/4)/((-11)/330). Is ((-18)/f)/(2/255) a multiple of 9?
True
Suppose 3*f = -2*x + 4900, 4*f - 3*f - 1624 = -2*x. Is 26 a factor of f?
True
Let g be 1/6 + (-11)/(-6). Let x be (-13 + 12)/(g/(-10)). Suppose x*z - 7 = -3*k - 0*k, 0 = 4*k + z - 15. Is k a multiple of 4?
True
Does 163 divide (-386 - -223)*3/((-6)/4)?
True
Let n(f) = f**3 + 12*f**2 + 12*f + 16. Let d(y) = -4*y + 9. Let h be d(5). Let c be n(h). Is (-810)/(-12)*4/c a multiple of 27?
True
Let c = -3842 - -9211. Does 13 divide c?
True
Let l(c) = -2*c**2 - 12*c**2 - 16 - 3*c**3 - c**2 + 2*c**3 + 14*c. Is l(-16) a multiple of 4?
True
Let m = 20984 - -28278. Is m a multiple of 9?
False
Suppose f - 6*f = -o + 712, 0 = o - 2*f - 712. Suppose -20*j = -12*j - o. Is j a multiple of 2?
False
Let v = 2102 - -3754. Is v a multiple of 122?
True
Suppose -46 = 4*h - 14. Let t(f) = -f**3 - 10*f**2 - 16*f + 2. Let v be t(h). Suppose l + 2*r = 32 + 56, 178 = 2*l + v*r. Is l a multiple of 15?
True
Let g = -132 - -130. Is 24 a factor of (-352)/g - (3 + 0/(-5))?
False
Let d(w) = -w**3 + 1. Let h(c) = 4*c + 3*c**3 + 0*c**3 + 39*c**2 + 8 - 36*c**2. Let v(b) = 4*d(b) - h(b). Is v(-2) a multiple of 12?
True
Suppose 4941 = 4*y + 5*y. Let t = -459 + y. Is 6 a factor of t?
True
Suppose 4*y - 10 = 2*y, -w = 3*y - 34. Suppose 3 = d - 5*c - 19, 4*c + w = d. Is d a multiple of 7?
True
Let w(v) = 2*v**2 + 14*v - 191. Let u be w(-27). Suppose -4*j = -2989 + u. Does 25 divide j?
True
Let t = -20472 + 36900. Is t a multiple of 37?
True
Let g(s) = -2*s**3 - 3*s**2 - 6*s - 4. Let q be g(-4). Suppose -k + q = 3*j, -2*k + 5*j = -0*j - 233. Suppose -75 = -4*t + k. Is 9 a factor of t?
False
Let r = 6322 + -1216. Is 5 a factor of r?
False
Suppose 36*v = 7*v + 58. Let x(p) = -p**3 + 4*p**2 + 6*p - 4. Let q be x(4). Let o = v + q. Is o even?
True
Suppose 0 = -3*u - 9, 3*i = u + 15 + 114. Let h be (-2)/(2/(-3)*i/(-154)). Does 9 divide (-32)/176 - 1982/h?
True
Suppose 4*v + 2*y = 1402, 0 = -4*v + 3*y - 688 + 2095. Let g = v + -152. Is g a multiple of 11?
False
Suppose 598*r + 9150 = 603*r. Does 107 divide r?
False
Let x be 1/(2/4*4/90). Let o be 6*12/x*15/6. Suppose -2*h + 5*h = -4*s + 88, -o*h - 5*s + 116 = 0. Is h a multiple of 4?
True
Suppose 5*k - 118 = -18. Suppose -30*z + 25*z = -k. Suppose 5*r - 229 = t - z*t, 232 = 5*r + 4*t. Is 22 a factor of r?
True
Let m = 620 - 84. Suppose 4*l = 5*z - 0*z - 882, 3*z + l - m = 0. Does 20 divide z?
False
Let r(j) = j**3 - 33*j**2 + 42*j + 66. Let u be r(31). Let w = u - -858. Is w a multiple of 19?
True
Suppose -5*t = 2*g - 35740, 4*t + 2*g = 45951 - 17361. Is t a multiple of 130?
True
Suppose 66*h - 2072 = 64*h. Suppose 22*l - h = 20*l. Does 37 divide l?
True
Suppose 3*n - 898 = 4712. Let m = -317 - -329. Suppose -k - n = -m*k. Does 20 divide k?
False
Suppose 76 = 4*v - 3*y, 4 + 16 = -5*y. Let k = v + -4. Let n = k + 12. Does 12 divide n?
True
Does 90 divide (47 - 3)/4 - -1339?
True
Let p(g) be the first derivative of -3*g**5/20 - 29*g**4/12 + 14*g**3/3 + 11. Let t(s) be the third derivative of p(s). Does 13 divide t(-14)?
False
Suppose 628576 = 138*w - 34*w. Does 7 divide w?
False
Let n be (1 - 1)*2*(-4)/(-8). Suppose 3*k = 4*p - 435, n*k = 5*p + 4*k - 536. Suppose 3*a = -4*v + p, -2*v = -4*a + 2*v + 116. Does 6 divide a?
False
Let f be (6/15)/(14/140). Is 25 a factor of (56/8 - -382) + f/(-2)?
False
Let s(z) = 2*z**3 - 76*z**2 + 12*z + 125. Let t be (0 - 6)*1102/(-174). Does 26 divide s(t)?
False
Let d(z) = -19*z + 116. Let f be d(6). Suppose 3*b - 2*b - 219 = 3*p, -f*p - 458 = -2*b. Is 13 a factor of b?
True
Let o = 7113 + -1885. Is o a multiple of 87?
False
Let k(p) = p**3 - 25*p**2 + 22*p - 36. Let o be k(24). Let w = o + 158. Is w a multiple of 11?
False
Let t be ((-1)/(2/258))/(-1). Let w(u) = -u**2 - 57*u - 443. Let k be w(-35). Let p = k - t. Is p a multiple of 27?
False
Let q = 9030 - 2215. Is 42 a factor of q?
False
Let g be (17 - 12)*(-8)/(-5). Let v(o) = 96*o + 301. Is 46 a factor of v(g)?
False
Suppose 53*l = -57*l + 59634 - 20914. Does 32 divide l?
True
Let d(s) = 6*s**3 - 217*s**2 - 81*s + 235. Is 15 a factor of d(40)?
True
Let t = 26043 - 2713. Does 8 divide t?
False
Let a be 5115/77 - 6/14. Let i = 67 - a. Does 31 divide (-723)/i*4/(-12)?
False
Let z(q) = -q**3 + 26*q**2 - 10*q + 42. Is 7 a factor of z(8)?
False
Let p = -42121 + 62090. Is 124 a factor of p?
False
Suppose -8*p = -13*p + 150. Suppose o - 4*o + p = 0. Suppose 3*d - 468 = 3*h, 3*h - 2 - o = 0. Does 16 divide d?
True
Let o be (0*3/(-33))/(-3). Suppose 0*i - 2*i + 14 = 0. Suppose o = -5*s + i*s - 190. Does 11 divide s?
False
Let s = 5989 + -4449. Is s a multiple of 41?
False
Suppose 2616 = 6*o - 2*o. Suppose -o = -3*d - 3*d. Suppose 4*x = -2*b + 80, -2*b = -5*x - d + 29. Is b a multiple of 16?
False
Let k(y) = y + 126. Let z(b) = -b + 0*b - 167 + 72 + 32. Let r(p) = -2*k(p) - 5*z(p). Is r(21) a multiple of 18?
True
Let s be ((-2850)/(-36))/25 - 1/6. Suppose 2*l - 33 = 5*o, -25 = l - 3*l - s*o. Is l a multiple of 12?
False
Suppose 0 = 5*k + 4*k - 126. Suppose -1470 = -k*o + 2730. Is o a multiple of 5?
True
Is 15 a factor of ((-164080)/(-25) + -4)/((-50)/(-125))?
False
Let r = -144 - -218. Let x = r + -57. Suppose -w + 40 - x = 0. Does 17 divide w?
False
Let u(f) = -467*f**3 - 6*f**2 - 2*f + 11. Is u(-2) a multiple of 26?
False
Let a(g) = -g**2 - 12*g + 16. Let b be a(-10). Let n = 38 - b. Suppose -2*h - h - 123 = -3*r, 4*h + 90 = n*r. Is 37 a factor of r?
True
Suppose -34*s + 147*s - 425848 = 71352. Does 55 divide s?
True
Suppose -6*j + 8*j = p - 13, -4*j = 5*p + 33. Let y(v) = -v**3 - 3*v**2 + 17*v + 2. Is 4 a factor of y(j)?
False
Let x = 3073 + -2757. Is x a multiple of 25?
False
Let u(t) = t**3 +